{"id":304,"date":"2015-01-03T13:34:51","date_gmt":"2015-01-03T11:34:51","guid":{"rendered":"http:\/\/sg-layout.com\/demos\/?page_id=304"},"modified":"2015-01-03T13:34:51","modified_gmt":"2015-01-03T11:34:51","slug":"full-width","status":"publish","type":"page","link":"https:\/\/sg-demo.com\/amare-basic\/genesis-layouts\/full-width\/","title":{"rendered":"Full width"},"content":{"rendered":"<p>Dies ist eine Seite mit der Einstellung &#8220;Full width content&#8221;, der Inhalt nimmt die volle Breite ein, es gibt keine Sidebar.<\/p>\n<p>This is a layout using the &#8220;Full Width Content&#8221; setting. It has no sidebars.<\/p>\n<h4>F\u00fclltext:<\/h4>\n<p>Wieder zu sp\u00e4t. Alles schl\u00e4ft schon. Samstag. Sonntag. Deutschland guckt Tagesschau. Ich gucke in den linken Aussenspiegel. Dann drei Spuren r\u00fcber wieder in die linke R\u00f6hre. Diesmal doppelt so schnell durch den Tunnel wie auf dem Hinweg. Bleibe auf der linken Spur bis zum Abzweig Richtung Bremen. Der ist zweispurig, deshalb gibt es das beliebte Abbiegen-im-letzten-Moment-Spiel. Weil offensichtlich die Geschwindigkeitsbegrenzung vergessen wurde, bin ich drei Minuten sp\u00e4ter schon auf der Bremer Autobahn. Die \u00dcberholspur ist frei.<\/p>\n<p>Ein F\u00fcnfer will es wissen. Muss ein i sein, er l\u00e4sst sich nicht absch\u00fctteln. Wie immer auf dem R\u00fcckweg s\u00e4uft der Wagen wie ein Loch. An der Rastst\u00e4tte Wildeshausen bin ich f\u00e4llig. Brauche auch noch was S\u00fcsses. Dann leiste ich mir mal wieder den h\u00f6llisch teuren Trinkjoghurt in der ekligen Plastikflasche. Pinkeln kann entfallen. Superkurzer Tankstopp. Der Verkehr nimmt zu, die Tempo-100-Schilder nehmen auch zu. Der Liter von dem s\u00fcssen Zeug ist weg, bevor ich in Osnabr\u00fcck bin. Vor dem Beifahrersitz sammelt sich der M\u00fcll.<\/p>\n<p>Endlich sind die Laster da. Dann regnet es auch noch. Wie immer warte ich auf das kurze dreispurige Steigungsst\u00fcck im Tecklenburger Wald, um mich an die Spitze der Schlange zu setzen. Die dritte Spur kommt, und mein Plan wird von einem japanischen, wild getunten Insekt mit Essener Kennzeichen vereitelt. Nunmehr prasselnder Regen tut sein \u00fcbriges. Noch vor M\u00fcnster verschwindet er so schnell, wie er gekommen ist. Die Strasse ist trocken.<\/p>\n","protected":false},"excerpt":{"rendered":"<p>Dies ist eine Seite mit der Einstellung &#8220;Full width content&#8221;, der Inhalt nimmt die volle Breite ein, es gibt keine Sidebar. This is a layout using the &#8220;Full Width Content&#8221; setting. It has no sidebars. F\u00fclltext: Wieder zu sp\u00e4t. Alles schl\u00e4ft schon. Samstag. Sonntag. Deutschland guckt Tagesschau. Ich gucke in den linken Aussenspiegel. Dann drei &#8230; <a href=\"https:\/\/sg-demo.com\/amare-basic\/genesis-layouts\/full-width\/\" rel=\"nofollow\">Read more<\/a><\/p>\n","protected":false},"author":1,"featured_media":0,"parent":301,"menu_order":0,"comment_status":"closed","ping_status":"closed","template":"","meta":{"_genesis_hide_title":false,"_genesis_hide_breadcrumbs":false,"_genesis_hide_singular_image":false,"_genesis_hide_footer_widgets":false,"_genesis_custom_body_class":"","_genesis_custom_post_class":"","_genesis_layout":"full-width-content","footnotes":""},"_links":{"self":[{"href":"https:\/\/sg-demo.com\/amare-basic\/wp-json\/wp\/v2\/pages\/304"}],"collection":[{"href":"https:\/\/sg-demo.com\/amare-basic\/wp-json\/wp\/v2\/pages"}],"about":[{"href":"https:\/\/sg-demo.com\/amare-basic\/wp-json\/wp\/v2\/types\/page"}],"author":[{"embeddable":true,"href":"https:\/\/sg-demo.com\/amare-basic\/wp-json\/wp\/v2\/users\/1"}],"replies":[{"embeddable":true,"href":"https:\/\/sg-demo.com\/amare-basic\/wp-json\/wp\/v2\/comments?post=304"}],"version-history":[{"count":0,"href":"https:\/\/sg-demo.com\/amare-basic\/wp-json\/wp\/v2\/pages\/304\/revisions"}],"up":[{"embeddable":true,"href":"https:\/\/sg-demo.com\/amare-basic\/wp-json\/wp\/v2\/pages\/301"}],"wp:attachment":[{"href":"https:\/\/sg-demo.com\/amare-basic\/wp-json\/wp\/v2\/media?parent=304"}],"curies":[{"name":"wp","href":"https:\/\/api.w.org\/{rel}","templated":true}]}}